{"id":780,"date":"2024-01-14T22:22:01","date_gmt":"2024-01-14T22:22:01","guid":{"rendered":"https:\/\/demiparati.ch\/?page_id=780"},"modified":"2024-01-23T12:16:42","modified_gmt":"2024-01-23T12:16:42","slug":"schmuck","status":"publish","type":"page","link":"https:\/\/demiparati.ch\/?page_id=780","title":{"rendered":"Schmuck"},"content":{"rendered":"<p><a href=\"https:\/\/demiparati.ch\/?page_id=766\" target=\"_blank\" rel=\"noopener\">Handgefertigte Armb\u00e4nder<\/a><\/p>\n<p><a href=\"https:\/\/demiparati.ch\/?page_id=804\">Handgefertigte Ring<\/a><\/p>\n<p><a href=\"https:\/\/demiparati.ch\/?page_id=801\">Ohrringe<\/a><\/p>\n<p><a href=\"https:\/\/demiparati.ch\/?page_id=885\">Handgefertigte Ohrringe<\/a><\/p>\n<p>&nbsp;<\/p>\n<p><a href=\"https:\/\/demiparati.ch\/?page_id=1009\">Anh\u00e4nger f\u00fcr Halsketten und Sets<\/a><\/p>\n","protected":false},"excerpt":{"rendered":"<p>Handgefertigte Armb\u00e4nder Handgefertigte Ring Ohrringe Handgefertigte Ohrringe &nbsp; Anh\u00e4nger f\u00fcr Halsketten und Sets<\/p>\n","protected":false},"author":1,"featured_media":0,"parent":0,"menu_order":0,"comment_status":"closed","ping_status":"closed","template":"","meta":{"footnotes":""},"class_list":["post-780","page","type-page","status-publish","hentry"],"_links":{"self":[{"href":"https:\/\/demiparati.ch\/index.php?rest_route=\/wp\/v2\/pages\/780","targetHints":{"allow":["GET"]}}],"collection":[{"href":"https:\/\/demiparati.ch\/index.php?rest_route=\/wp\/v2\/pages"}],"about":[{"href":"https:\/\/demiparati.ch\/index.php?rest_route=\/wp\/v2\/types\/page"}],"author":[{"embeddable":true,"href":"https:\/\/demiparati.ch\/index.php?rest_route=\/wp\/v2\/users\/1"}],"replies":[{"embeddable":true,"href":"https:\/\/demiparati.ch\/index.php?rest_route=%2Fwp%2Fv2%2Fcomments&post=780"}],"version-history":[{"count":8,"href":"https:\/\/demiparati.ch\/index.php?rest_route=\/wp\/v2\/pages\/780\/revisions"}],"predecessor-version":[{"id":812,"href":"https:\/\/demiparati.ch\/index.php?rest_route=\/wp\/v2\/pages\/780\/revisions\/812"}],"wp:attachment":[{"href":"https:\/\/demiparati.ch\/index.php?rest_route=%2Fwp%2Fv2%2Fmedia&parent=780"}],"curies":[{"name":"wp","href":"https:\/\/api.w.org\/{rel}","templated":true}]}}